1370157?
1
What is the tens digit of 409893?
9
What is the thousands digit of 254692?
4
What is the tens digit of 832988?
8
What is the thousands digit of 15307824?
7
What is the tens digit of 104640?
4
What is the millions digit of 1187968?
1
What is the ten thousands digit of 336356?
3
What is the hundreds digit of 164800?
8
What is the hundred thousands digit of 2305112?
3
What is the thousands digit of 4719426?
9
What is the millions digit of 7784234?
7
What is the thousands digit of 3549802?
9
What is the tens digit of 582283?
8
What is the hundreds digit of 63372?
3
What is the thousands digit of 53279?
3
What is the tens digit of 1370036?
3
What is the hundreds digit of 600490?
4
What is the ten thousands digit of 71845?
7
What is the thousands digit of 3055901?
5
What is the hundred thousands digit of 304363?
3
What is the hundred thousands digit of 1035832?
0
What is the units digit of 101174?
4
What is the thousands digit of 608374?
8
What is the hundred thousands digit of 8112808?
1
What is the ten thousands digit of 17969866?
6
What is the hundreds digit of 12605949?
9
What is the hundreds digit of 22093421?
4
What is the units digit of 1853022?
2
What is the hundreds digit of 9021391?
3
What is the hundreds digit of 32979958?
9
What is the tens digit of 1113404?
0
What is the units digit of 2183663?
3
What is the hundred thousands digit of 121297?
1
What is the hundreds digit of 217124?
1
What is the hundred thousands digit of 18406128?
4
What is the hundreds digit of 282987?
9
What is the thousands digit of 1573471?
3
What is the hundred thousands digit of 9787499?
7
What is the ten thousands digit of 331590?
3
What is the tens digit of 3920199?
9
What is the thousands digit of 1326798?
6
What is the hundred thousands digit of 5434210?
4
What is the tens digit of 3977001?
0
What is the hundred thousands digit of 260229?
2
What is the units digit of 2082880?
0
What is the ten thousands digit of 3507536?
0
What is the units digit of 22996975?
5
What is the hundreds digit of 3640782?
7
What is the hundred thousands digit of 28417491?
4
What is the units digit of 552837?
7
What is the thousands digit of 6670817?
0
What is the units digit of 11674177?
7
What is the ten thousands digit of 528051?
2
What is the ten thousands digit of 13182954?
8
What is the units digit of 2670685?
5
What is the millions digit of 6585943?
6
What is the hundreds digit of 6405043?
0
What is the tens digit of 1967154?
5
What is the tens digit of 4713138?
3
What is the ten thousands digit of 489771?
8
What is the tens digit of 1949448?
4
What is the hundreds digit of 232199?
1
What is the tens digit of 21895619?
1
What is the thousands digit of 4882603?
2
What is the tens digit of 1476180?
8
What is the units digit of 195923?
3
What is the hundred thousands digit of 161021?
1
What is the thousands digit of 269595?
9
What is the hundred thousands digit of 1240967?
2
What is the units digit of 2024343?
3
What is the hundred thousands digit of 1803550?
8
What is the units digit of 2289226?
6
What is the tens digit of 368145?
4
What is the tens digit of 2424860?
6
What is the thousands digit of 75576?
5
What is the tens digit of 1679197?
9
What is the tens digit of 203828?
2
What is the thousands digit of 2849804?
9
What is the units digit of 4119386?
6
What is the thousands digit of 8255501?
5
What is the hundreds digit of 92503?
5
What is the tens digit of 1727167?
6
What is the tens digit of 9091585?
8
What is the ten thousands digit of 62704?
6
What is the ten thousands digit of 330716?
3
What is the hundreds digit of 1173235?
2
What is the ten thousands digit of 3449504?
4
What is the tens digit of 404495?
9
What is the hundreds digit of 442215?
2
What is the tens digit of 6489495?
9
What is the hundreds digit of 8199739?
7
What is the thousands digit of 832211?
2
What is the millions digit of 1073783?
1
What is the tens digit of 9162172?
7
What is the thousands digit of 3122283?
2
What is the tens digit of 393675?
7
What is the ten thousands digit of 1503152?
0
What is the hundreds digit of 295806?
8
What is the millions digit of 1337839?
1
What is the ten thousands digit of 4414681?
1
What is the hundred thousands digit of 6277682?
2
What is the units digit of 1773824?
4
What is the ten thousands digit of 130711?
3
What is the ten thousands digit of 8144746?
4
What is the hundred thousands digit of 736091?
7
What is the hundreds digit of 2442869?
8
What is the thousands digit of 8518385?
8
What is the millions digit of 4945061?
4
What is the millions digit of 7986678?
7
What is the hundred thousands digit of 163715?
1
What is the ten thousands digit of 444316?
4
What is the hundred thousands digit of 13299847?
2
What is the hundreds digit of 20869834?
8
What is the thousands digit of 1004938?
4
What is the thousands digit of 19912289?
2
What is the tens digit of 474921?
2
What is the thousands digit of 12254877?
4
What is the ten thousands digit of 13862404?
6
What is the units digit of 890484?
4
What is the ten thousands digit of 149249?
4
What is the tens digit of 436551?
5
What is the units digit of 21218395?
5
What is the thousands digit of 2852850?
2
What is the ten thousands digit of 12536270?
3
What is the ten millions digit of 10883449?
1
What is the hundreds digit of 2820?
8
What is the ten thousands digit of 279006?
7
What is the hundred thousands digit of 6832595?
8
What is the thousands digit of 10718733?
8
What is the ten thousands digit of 835460?
3
What is the units digit of 14258371?
1
What is the thousands digit of 2212?
2
What is the ten thousands digit of 3094218?
9
What is the hundreds digit of 150885?
8
What is the thousands digit of 117117?
7
What is the units digit of 462094?
4
What is the ten thousands digit of 1274162?
7
What is the units digit of 12390751?
1
What is the hundred thousands digit of 1510074?
5
What is the hundreds digit of 21863312?
3
What is the thousands digit of 18532315?
2
What is the units digit of 547284?
4
What is the hundreds digit of 3380388?
3
What is the thousands digit of 131617?
1
What is the tens digit of 5924135?
3
What is the thousands digit of 173304?
3
What is the thousands digit of 291215?
1
What is the units digit of 303260?
0
What is the units digit of 900975?
5
What is the tens digit of 183193?
9
What is the units digit of 2470860?
0
What is the ten thousands digit of 108312?
0
What is the hundreds digit of 82201?
2
What is the units digit of 1032240?
0
What is the tens digit of 574473?
7
What is the hundred thousands digit of 1395348?
3
What is the ten thousands digit of 1851337?
5
What is the hundred thousands digit of 263565?
2
What is the units digit of 296190?
0
What is the tens digit of 4710218?
1
What is the ten thousands digit of 2133714?
3
What is the thousands digit of 21525790?
5
What is the hundreds digit of 2017894?
8
What is the thousands digit of 104540?
4
What is the ten thousands digit of 1205561?
0
What is the ten thousands digit of 287151?
8
What is the hundred thousands digit of 3461399?
4
What is the ten thousands digit of 716332?
1
What is the tens digit of 5602381?
8
What is the units digit of 1501603?
3
What is the units digit of 1498377?
7
What is the tens digit of 35997?
9
What is the units digit of 224234?
4
What is the tens digit of 5430311?
1
What is the hundred thousands digit of 549812?
5
What is the units digit of 5089217?
7
What is the hundred thousands digit of 599831?
5
What is the tens digit of 176269?
6
What is the units digit of 2692018?
8
What is the hundred thousands digit of 1760052?
7
What is the thousands digit of 3311022?
1
What is the units digit of 607772?
2
What is the tens digit of 8054060?
6
What is the tens digit of 429294?
9
What is the millions digit of 2066439?
2
What is the units digit of 976974?
4
What is the hundred thousands digit of 637621?
6
What is the ten thousands digit of 1463216?
6
What is the units digit of 3392996?
6
What is the thousands digit of 202675?
2
What is the units digit of 7501550?
0
What is the millions digit of 1232542?
1
What is the hundred thousands digit of 7906763?
9
What is the thousands digit of 639872?
9
What is the thousands digit of 367341?
7
What is the hundreds digit of 5695200?
2
What is the ten thou